216. What is the thousands digit of h(-17)?
2
Let p be 6/(-2 - 1) - (6 + -8). Suppose -519 = -3*l + 5*w, p*l - w + 165 = l. What is the units digit of l?
8
Let b = 186 + -69. Let x = -105 + 107. Suppose -x*d = d - b. What is the tens digit of d?
3
Let q = 24 + -19. Suppose -q*h = 0, -5*f + 3*h = 7*h - 420. Suppose i = 4*i - f. What is the units digit of i?
8
Suppose -18*v + 24*v = 1554. What is the tens digit of v?
5
Let i = -385 + 1080. What is the units digit of i?
5
Let o = 34 - 19. Suppose s + 16 = -o. Let j = 45 + s. What is the tens digit of j?
1
Let b be 1/5 - 0 - 784/(-280). Suppose -h + 186 = b*f, 3*f = 4*h - 714 - 15. What is the units digit of h?
3
Let s = -304 - -624. Let b be 4/18 + s/180. Suppose -3*u + 59 = -b*u. What is the units digit of u?
9
Suppose 4*p - 24 = -0. Suppose 0 = -2*o + 18 + p. What is the units digit of (-4)/6 + 344/o?
8
Suppose -4*t - 5001 = -5*t. What is the thousands digit of t?
5
Let g(f) = -6*f**3 - 8*f**2 - 8*f + 6. What is the tens digit of g(-5)?
9
Let r(o) = -o**3 - 2*o**2 - 5*o - 3. Let i be (-2)/3 - (-60)/(-18). What is the units digit of r(i)?
9
Suppose 0*b + 4*b - 1004 = 2*o, 512 = 2*b + 4*o. What is the hundreds digit of b?
2
Let z = 1245 + -590. Suppose -z - 21 = 2*a. What is the tens digit of (-3)/12 + a/(-8)?
4
Let j = 102 + -22. Let t = -24 + j. What is the units digit of t?
6
Let t(u) = -u**3 + 11*u**2 - 3*u - 21. Suppose -3 = 3*w - 30. What is the hundreds digit of t(w)?
1
What is the units digit of (-4 - -3)*(-602 - -2)?
0
Let i = -1412 + 842. What is the units digit of i/(-12)*(-2)/(-5)?
9
Let u(v) = -2*v**3 + 3*v**2 - v - 6. Let j be u(0). Let y(b) = -2*b**2 - 12*b + 2. What is the units digit of y(j)?
2
Let u be (12/9)/((-4)/(-30)). Suppose 5*b - 6 = l, -6 - 4 = 5*b - 5*l. What is the tens digit of (-5)/b*(-104)/u?
2
Suppose -4*b = -6*b + 46. Suppose p - 2*p + b = -5*n, -2*p - 10 = 4*n. Suppose p*m + m - 68 = 0. What is the tens digit of m?
1
Suppose 2*f = -78 + 82. What is the units digit of (2710/20)/(f - 6/4)?
1
Suppose 0 + 6 = 3*w. Let d be 2 - 48/27 - 173/9. Let f = w - d. What is the units digit of f?
1
Let f(i) = -3*i + 578. Let r be f(0). Let c = r + -339. What is the units digit of c?
9
Let n be 831 + (-12)/3 + (5 - -2). Suppose -4*l - 2*l = -n. What is the units digit of l?
9
Suppose -7*u + 8711 + 33422 = 0. What is the units digit of u?
9
Let i(p) = 2*p**2 + 11*p - 6. Let m be i(4). Let t = m + -49. What is the tens digit of t?
2
Suppose 0 = 4*j + 2*h - 2594, 4*j - h - 2615 = 4*h. Suppose j = 7*q - 533. What is the units digit of q?
9
Let h = 6849 + -3643. What is the units digit of h?
6
Let v(c) = -c**3 + 11*c**2 - 8*c - 9. Let o be v(10). Let j be (-3 - -1 - 0) + 86. What is the tens digit of -3 + o/(22/j)?
3
Suppose 4*i + 283 = 3*n, -4*i - 92 = -3*i - 5*n. Let g = 103 + i. What is the units digit of g?
6
Suppose 312 + 683 = 5*b. What is the tens digit of b?
9
What is the hundreds digit of ((-2790)/(-60))/((-3)/(-30))?
4
Let t be 30/25*(-340)/(-6). Suppose -2*w + 150 = -6*w - 3*z, -2*w + 2*z = t. Let g = 66 + w. What is the units digit of g?
0
Let h = -571 - -557. Let o(w) = w**2 + w + 1. Let g(s) = 4*s**2 - 9*s - 5. Let x(m) = -g(m) + 5*o(m). What is the units digit of x(h)?
0
Let t(u) = u**3 + 2*u**2 - u + 3. Let z be t(0). Suppose 5*s - 705 - 300 = -5*a, z*a = s + 619. What is the tens digit of a?
0
Suppose -5*y + 1 = -44. Suppose -l = y*l - 740. What is the tens digit of l?
7
Suppose s - 2*i - 24 = 0, 5*s + i - 55 = -2*i. Let y = s - 16. Let b(m) = -m - 1. What is the units digit of b(y)?
1
Let h(x) = -x - 2. Let a be h(-2). Suppose 3*l - 4*l + 3 = a. Suppose -7*y + 52 = -l*y. What is the units digit of y?
3
Let h(m) = -11*m**3 - m**2 - m + 10. What is the tens digit of h(-5)?
6
Let l(a) = 11*a**2 - 3*a + 2. Let j be l(1). Suppose n - 45 - j = 0. What is the tens digit of n?
5
Let z(o) = 217*o - 226. What is the units digit of z(5)?
9
Let y = 1113 + 143. What is the tens digit of y?
5
Suppose 24 + 1 = 5*o. Suppose 3*w = a - 9 - 0, -o*a - 5*w = -5. Suppose 0 - a = 3*m, 4*m = i - 24. What is the tens digit of i?
2
Let f = 70 + 17. Let z = 100 + -96. Suppose z*u + f = 3*d, 5*u + 20 = d - 9. What is the units digit of d?
9
Let z = -2 - -56. Suppose z*v = 49*v + 200. What is the tens digit of v?
4
Suppose -5 = 3*x - 8*x. Let p be 48/8 - 2/x. Suppose -5*q + b + 228 = -b, -3*q + p*b = -134. What is the tens digit of q?
4
Suppose -5*g - 4232 = -h, -46*g + 43*g = 3*h - 12750. What is the units digit of h?
7
Let o be (48/15)/(4/(-170)). Let y be (27/4)/((-51)/o). Let n = y - 16. What is the units digit of n?
2
Let p(x) = 4*x**2 - 35*x + 284. What is the tens digit of p(23)?
9
Let c = 4 - 2. Suppose -c*j + 2*w - w = -131, -3*j + 2*w = -196. What is the units digit of j?
6
Let o(a) = -279*a**3 + a**2 + 5*a + 1. What is the hundreds digit of o(-2)?
2
Let y(i) = i**2 + i - 1. Let x(s) = s**3 - 5*s**2 - 4. Let w be x(5). Let u be y(w). Let j = u + -2. What is the units digit of j?
9
Suppose 4*j - t = 5209, -3*j + 8*t = 4*t - 3897. What is the units digit of j?
3
Let d = -14 - -13. Let t(o) = 132*o**2 + 5*o + 5. What is the hundreds digit of t(d)?
1
Let m(k) = k**3 - 36*k**2 - 19*k - 25. What is the tens digit of m(37)?
4
Suppose 9*u - 14 = 10*u. Let o be (12/u)/(2/(-14)). Suppose 2*m - o*m = -204. What is the tens digit of m?
5
Suppose -6004 = -137*h + 133*h + 4*x, -4*h - 5*x = -6004. What is the units digit of h?
1
Suppose a + 2*y + 2362 = 3*a, -3*a - 3*y + 3555 = 0. What is the thousands digit of a?
1
Suppose 5*f + 16 = -34. Let b = f - -7. Let s(n) = n**2 + 2*n - 1. What is the units digit of s(b)?
2
Let i be (16 + -106)/(0 - (-2 + 3)). Let z = -74 - -38. Let b = i + z. What is the tens digit of b?
5
Suppose 2*g = -4*h - 6, 0*g - 22 = -2*g + 3*h. Suppose 3*x = -9, -3*x + 31 = 5*k - g*x. What is the units digit of k?
5
Let p be (1634/57)/((-1)/3 + 1). Let j = 104 - p. What is the tens digit of j?
6
Suppose 5*h = -4*u - 30, -3*h - 70 = 2*h - 4*u. Let v be 4/h + 248/20. Let d = v - -12. What is the units digit of d?
4
Suppose 173 = d + 68. What is the hundreds digit of d?
1
Let l(z) = -23*z + 1. Let x be -2*6/(-9)*12. Let n be x/(-4) + 2 + 1. What is the tens digit of l(n)?
2
Let n(a) = 21*a - 28. Let g be n(12). Suppose y + 73 = g. What is the tens digit of y?
5
Suppose -4*b = -2*g + 4836, g - 3*g + 4811 = b. Suppose -g = -13*r - r. What is the hundreds digit of r?
1
Let d(b) = 155*b + 10. What is the hundreds digit of d(3)?
4
Suppose 22*y = -10*y + 51456. What is the tens digit of y?
0
Let b(r) = -37*r + 88. What is the tens digit of b(-7)?
4
Suppose -2*o = 5*p - 22, 0*o = 4*p - 2*o - 14. Suppose -d - 15 = -p*d. Let j = 20 - d. What is the tens digit of j?
1
Suppose 4*g = -4*t - 36 + 4, -4*g + 4*t - 8 = 0. Let j(d) = 4*d**2 + d + 3. What is the units digit of j(g)?
8
What is the tens digit of (-28)/8*(-2 + -4 + -6)?
4
Suppose -t = 2*t + 1026. Let f = 567 + t. Suppose 5*j + s + 83 - f = 0, 2*s + 6 = 0. What is the units digit of j?
9
Suppose 47*x = 41*x + 2952. What is the units digit of x?
2
Let t be (-3 - -2)*(3 - 8). Suppose -t*b = 7 + 13, 0 = x + 5*b + 21. Let d(q) = 10*q**2 + q + 1. What is the units digit of d(x)?
0
Let l(j) = -5*j + 1. Let y be l(-4). Let u(g) = 2*g + 3. What is the units digit of u(y)?
5
Suppose 0 = 2*s - 506 + 132. What is the tens digit of s?
8
Let d = -3 + 7. Suppose -2*t = d*j + 6, -5*j - 4*t - 7 = -1. What is the units digit of 5/j*(-2)/5?
1
Let q be (-3)/6*2 + -21. Let j = q - -39. Suppose 0 = j*l - 21*l + 148. What is the tens digit of l?
3
Let k(d) be the first derivative of -2*d + d - 6*d + 1 + d**2. What is the tens digit of k(11)?
1
Let x = 54 - 89. Suppose 110*y = 105*y - 460. Let d = x - y. What is the units digit of d?
7
Let n = -725 - -1442. What is the tens digit of n?
1
Suppose 0 = -3*c - 4*s - 2 + 15, 7 = 3*c - 2*s. Suppose -3*i + 7*i = 4, 20 = c*o + 5*i. What is the units digit of o?
5
Suppose 4*y = m + 18, -4*m - 2*y - 32 = 94. What is the tens digit of m/(-4 + (-12)/(-4))?
3
Let m(w) = -2*w**3 - 26*w**2 - 151*w - 7. What is the hundreds digit of m(-13)?
9
Suppose -2*i = -i. Suppose 5*t + h - 66 = t, i = -3*h + 6. Suppose -3*v - 4*m + t + 12 = 0, -v - 4*m = -12. What is the units digit of v?
8
Let d(y) = -103*y**3 - 2*y**2 - y. Let h be